8/12)/((-1)/26). Let v be 54/b - (-10)/(-65). Is 1115 - (-2 + 8/v) a prime number?
False
Suppose 3*m - 614 = -2*z, 1035 = 5*m - 0*m + z. Suppose 839 = 5*v - 4*a, -2*v - 2*v + 4*a = -668. Suppose -t + v = -m. Is t a prime number?
True
Let p = -6261 + 10234. Is p composite?
True
Let m be ((-2)/(-10))/((-6)/(-60)). Suppose u = -m*k + 7, 2*u + 3*u - 26 = -k. Is 4/4 - -2183 - u a prime number?
True
Suppose -12*n + 11*n = -2. Suppose -s - n = -2. Suppose s = -2*o + 14*o - 21012. Is o a prime number?
False
Suppose -25*s - 583071 + 3002846 = 0. Is s composite?
True
Let u(n) = n**3 + 3*n**2 - 3*n + 10. Let y be u(-4). Is 7978/(-7 - (-46)/y) prime?
False
Let f be (5 - -84) + (-4)/1. Let k be 2 + 146*f/(-10). Is k/(-15) - 6/(-15) prime?
True
Let q(g) = -7904*g + 2617. Is q(-6) composite?
True
Let s(t) be the third derivative of 5*t**6/144 - 17*t**5/120 + t**4/6 + 4*t**2. Let c(n) be the second derivative of s(n). Is c(7) composite?
True
Let o be 37/(-37)*(-1)/((-1)/(-16)). Suppose -o*a + 11082 = -10*a. Is a composite?
False
Let x(u) = -5*u - 40. Let v be x(27). Let j = v + 324. Is j composite?
False
Let g(b) = 93*b. Let x(p) = -187*p + 1. Let v(j) = -5*g(j) - 3*x(j). Let l be v(4). Suppose 6*y - 5*s = y + 595, 3*y - l = -5*s. Is y composite?
True
Let w = -63 + -57. Is (-24)/w + 1148/10 composite?
True
Let f(i) = -i**2 + 5*i + 1. Let w be f(4). Suppose -28*m + 750 + 31709 = -12397. Suppose -w*g + m = -103. Is g prime?
False
Let n = 2265 - -4541. Suppose y - a - 3139 = 0, 4*y + 2*a = n + 5738. Is y a prime number?
True
Let i = 102 + -98. Let w be 12*(i/10)/(32/20). Suppose 3*d = -w*g + 2547, g + 2*d - 602 - 243 = 0. Is g a composite number?
False
Suppose 205*c - 57490277 = -48*c + 32*c. Is c a prime number?
True
Let q = -242 + 240. Is (-43 - -38) + (2262 - q - 2) a composite number?
True
Let h(u) = 53*u + 16. Suppose -37*q + 32*q = 100. Let v = q - -29. Is h(v) composite?
True
Let f(d) = 10 + 38*d**3 - 54*d**3 + 19*d**3 + 6 + 2*d + 2*d**2. Is f(7) prime?
False
Suppose w = 2, 0 = -2*s + 2*w - 7*w + 78. Let j(v) = -v**3 + 38*v**2 + 98*v - 59. Is j(s) prime?
False
Let u be 0 + (1057 - 0/(-2)). Let t = -431 - -436. Suppose -2*h + 2102 = t*d, 0 = -0*h + h + d - u. Is h a composite number?
False
Suppose y - 5 = r - 3*y, 0 = -r + y + 1. Let l(o) = -25*o**3 - 17*o + 21. Let c(u) = -12*u**3 - 8*u + 10. Let g(p) = r*l(p) - 7*c(p). Is g(3) prime?
True
Let z(l) = 31411*l - 171. Is z(4) a composite number?
True
Let m(r) = -r**3 + 37*r**2 + r + 237. Is m(28) a prime number?
True
Suppose 1451762 = 33*o + 242213. Is o composite?
False
Let v(s) = 488*s**2 + 18*s - 183. Is v(-10) prime?
True
Let t be 33/(114/24 - (3 - -1)). Is 2*5*4642/t a prime number?
False
Is (-5)/((-15)/577062) + 19 a composite number?
False
Let f be ((-5)/15)/(4/(-48)). Suppose -f*j + 3528 = 5*k - 12249, 5*k - 15768 = -j. Is k a prime number?
False
Suppose 251*x - 113*x = 34847346. Is x a prime number?
False
Let c(x) = -182*x**2 + 80*x + 65. Let s(n) = 121*n**2 - 53*n - 44. Let t(b) = -5*c(b) - 7*s(b). Is t(-12) composite?
False
Let n(i) = -i**3 + 10*i**2 - 3*i. Let l be n(7). Suppose l = -15*p + 6*p. Is 5048/(-6)*(6 - (-105)/p) composite?
True
Let q(t) = 4922*t**2 - 3*t - 33. Is q(-2) a prime number?
True
Let g(w) = -213*w - 77. Let a(m) = -2*m - 1. Let t(l) = -3*a(l) - g(l). Is t(13) a composite number?
False
Let o(w) = 1430*w + 21. Let d be o(-5). Let a = d - -13196. Is a a composite number?
False
Let t(x) = 759*x + 25. Let l(s) = 1518*s + 48. Let g(h) = 6*l(h) - 13*t(h). Is g(-4) composite?
False
Suppose 1236178 = 4*w + 3*l, -3*w = 4*l - 143759 - 783371. Is w a composite number?
True
Suppose 0 = 3*a - 5*x - 148104, 5*a = -94*x + 93*x + 246812. Is a a prime number?
True
Let c(x) be the third derivative of 61*x**9/60480 - x**8/6720 + x**7/1260 - x**6/144 + 2*x**5/5 + x**2. Let f(b) be the third derivative of c(b). Is f(2) prime?
True
Suppose 2*m + 2 = 0, 2467555 = 3*v + 106*m - 110*m. Is v a composite number?
False
Let o be (-802185)/25 + (-15)/25. Let l be ((-6)/(-4))/((-63)/o). Suppose 0*s + l = 4*s. Is s composite?
False
Let j = 31 - 19. Let y = j + 222. Suppose -2*t = 5*g - y, 215 + 154 = 3*t + 3*g. Is t a composite number?
False
Suppose -1 = -f - 0. Let q be (f + -3 - 391)*(3 + 2). Let g = -1088 - q. Is g a composite number?
False
Suppose -16*k + 11*k + g = -5, 0 = 4*k - 4*g - 20. Suppose -9*a + 178427 - 19064 = k. Is a a prime number?
True
Suppose -5*l = -5*y + 4*y - 11, 2*y = -5*l + 8. Is (831/(y + -2))/((-9)/63) composite?
True
Let i be 4/(-1)*5/10. Let o = i + 12. Is 4/((-104)/(-2830)) + o/65 composite?
False
Suppose 0*f - 2 = -f. Suppose 0 = 2*a - 5*g + 614, f*a + 630 = -g - 2*g. Let s = a - -603. Is s composite?
True
Let z = 147 + -144. Suppose o - 3*o + 714 = -4*w, 0 = o - z*w - 358. Is o prime?
False
Let g(w) = 50*w**2 - 21*w + 189. Is g(8) composite?
False
Suppose 5*y - 2 = 13. Let q be (3/y)/((-2)/6) + -3542. Is (2*(-2)/4)/(5/q) a prime number?
True
Suppose -n = l - 4*n + 12, -2*l - 3*n = -21. Suppose -l*d - 126 = 3*b, 0 = -2*b + 6. Let o = d - -172. Is o composite?
False
Suppose -1213 = 88*u - 4117. Let g be 6*(-2 - (-5)/2). Suppose 0 = q - 5*d - 874, 2*q = g*d + 1788 - u. Is q a composite number?
True
Let o(l) = -5*l**2 - 57*l + 33. Let a(i) = i**2 + 17*i + 1. Let z(g) = 4*a(g) + o(g). Let k be (-12)/(-5)*5/1. Is z(k) composite?
True
Let f(a) = -2829*a + 5537. Is f(-30) a prime number?
True
Let q(w) = 45*w**2 + 18*w - 2. Let k be 404/(-16) - 8/(-32). Is q(k) a composite number?
False
Let m = 84 + -58. Let s = m + -24. Suppose -3*v + 5*j + 2044 = 0, 847 = s*v - 2*j - 517. Is v prime?
True
Let a = 39226 - -380773. Is a prime?
True
Let h = -55221 - -88864. Is h prime?
False
Let t(k) = 8038*k + 3959. Is t(3) prime?
False
Let l(w) = w**3 + 3*w**2 - 8*w + 100839. Is l(0) composite?
True
Let a be (-2)/9 + (-182)/234. Is ((-5)/(-90)*6)/(a/(-9111)) a composite number?
False
Is (-97260450)/(-250) - (-12)/(-15) composite?
False
Suppose 0 = -14*g - 2*g + 80. Suppose 3*k - 581 = -z, g*z + k + 1371 - 4304 = 0. Is z a prime number?
True
Suppose 59327 + 176255 = 44*n + 30410. Is n prime?
True
Let b be (-1 - -9) + 0*5/35. Suppose -20*z = -16*z - b. Suppose -394 = -z*n + 660. Is n a prime number?
False
Let w = -67499 - -203556. Is w a composite number?
False
Let p = 41167 + -28346. Is p composite?
False
Suppose -3*q = -q - 21516. Let n be (q/(-55))/((-2)/5). Suppose 4*u + 4*j = 3*j + 652, j = 3*u - n. Is u composite?
False
Let n = 71 + -60. Suppose -3*a - 5*c = n, 3*a + c - 2 = a. Suppose 6 = a*v - 99. Is v prime?
False
Is (104344/(-6))/((-3616)/2712) a prime number?
True
Let v(i) = 21*i**2 - 143*i + 343. Is v(67) a composite number?
True
Let c(j) = -48*j - 1. Let s = -23 - -33. Let a = s - 14. Is c(a) composite?
False
Is (-12 - (-55760)/20) + (3 - 2) composite?
False
Let t(p) = -3*p - 6. Let r(g) = 2*g**3 + g**2 - 1. Let n be r(-1). Let a be t(n). Suppose a = 4*h - 1350 - 2422. Is h a composite number?
True
Suppose -18*b - 27 = -17*b. Let a = -20 - b. Let g(o) = o**3 + 4*o**2 + 5*o + 13. Is g(a) prime?
True
Is 18/513 - 4532306765/(-1995) a prime number?
False
Let b(u) = u**3 - 21*u**2 - 48*u + 44. Let i be b(23). Is ((-11)/((-33)/i))/(2/(-4917)) prime?
False
Let r(q) = -28477*q**3 + 2*q**2 + 9*q + 7. Is r(-1) prime?
True
Let z = 7 - 4. Let d = -315 - -315. Suppose d = 4*j + z*y - 437, -5*j + 4*y = -0*y - 585. Is j prime?
True
Let a(p) = 3*p**2 - 7*p - 7. Suppose 5*x - 20 = 30. Is a(x) a prime number?
True
Suppose 30*z + 4 = 32*z. Suppose -24 = z*f - 5*f. Is (3134/10)/(f/40) a composite number?
False
Is -4*(-11)/(-132)*2791137*-1 prime?
True
Let w be 2202 - (56/(-700) + (-354)/(-50)). Let d(s) = s**3 + s**2 - 4*s - 3. Let u be d(-2). Is (w/10)/(u/2) composite?
False
Suppose -5163 = -5*x + 15*n - 19*n, 2*x - 2060 = n. Let o = -714 + x. Is o prime?
True
Let b(m) be the first derivative of 39 - 211/2*m**2 + 32*m. Is b(-5) prime?
True
Suppose -z + 4264 = -3*g, -15*z = -11*z - 4*g - 17064. Let u = 1512 + z. Is u prime?
True
Let f be 22/(-55) - (-84)/10. Suppose -5*p = -f*p - 54. Is (-10)/(-90) + (-14200)/p a prime number?
False
Let h(i) be the third derivative of -i**6/120 - 3*i**5/20 - 16*i**2. Let s be h(-8). Is s*2/(-1) - (0 - -1) composite?
False
Suppose -g - 2*g - 8 = 2*p, -g - 6 = -p. Suppose -1